{"id":99,"date":"2018-05-24T16:15:34","date_gmt":"2018-05-24T14:15:34","guid":{"rendered":"http:\/\/pacht-elektroanlagen.de\/?page_id=99"},"modified":"2022-01-15T12:58:48","modified_gmt":"2022-01-15T10:58:48","slug":"datenschutzerklaerung","status":"publish","type":"page","link":"https:\/\/pacht-elektroanlagen.de\/?page_id=99","title":{"rendered":"Datenschutzerkl\u00e4rung"},"content":{"rendered":"<div id=\"content-wrapper\">\n<div id=\"content-inner\">\n<div id=\"content\">\n<section id=\"main-content\" class=\"full-height\">\n<article id=\"post-104\" class=\"single post-104 page type-page status-publish hentry\">\n<div class=\"entry-content\">\n<p><strong>1. Zu dieser Datenschutzerkl\u00e4rung<br \/>\n<\/strong>Der Schutz Ihrer Privatsph\u00e4re ist uns ein wichtiges Anliegen. Deshalb m\u00f6chten wir Sie eindringlich bitten, die nachfolgende Zusammenfassung \u00fcber die Funktionsweise unserer Webseite <strong>www.pacht-elektroanlagen.de<\/strong> aufmerksam zu lesen.<\/p>\n<p>Die hier aufgef\u00fchrte Datenschutzerkl\u00e4rung entspricht den Richtlinien der DSGVO und des BDSG. Sie soll \u00fcber die Art, den Zweck und die Verwendung personenbezogener Daten durch den Websitebetreiber <strong>Jens Pacht <\/strong>informieren.<\/p>\n<p>Gleichwohl unsere Seite mit verschieden Sicherheitsvorkehrungen ausgestattet ist, kann kein vollst\u00e4ndiger Schutz Ihrer Daten gew\u00e4hrleistet werden, da Sicherheitsl\u00fccken im Internet nicht ausgeschlossen werden k\u00f6nnen. Sollten Sie Anliegen bzgl. der Erhebung Ihrer Daten haben, finden Sie am Ende des Textes die entsprechenden Kontaktdaten unserer Ansprechpartner.<\/p>\n<p><strong>2. Personenbezogene Daten<br \/>\n<\/strong>Die Funktion und die Kommunikation unseres Services sind auf die Daten unserer Nutzer angewiesen. Dabei sind personenbezogene Daten besonders sensibel \u2013 damit sind alle Informationen gemeint, welche sich eindeutig auf eine bestimmte, nat\u00fcrliche Person zur\u00fcckf\u00fchren lassen. Laut DSGVO besteht f\u00fcr uns die Verpflichtung, den gesamten Umfang aller derartigen Daten aufzulisten.<\/p>\n<p>Durch die Nutzung unserer Seite werden folgende personenbezogene Daten nach DSGVO erhoben (zur Zeit deaktiviert):<\/p>\n<p>\u2022 Vor- und Zuname<br \/>\n\u2022 E-Mail-Adresse<br \/>\n\u2022 Betreff<br \/>\n\u2022 Nachricht<br \/>\n\u2022 IP-Adresse<\/p>\n<p>Diese Daten fallen an, wenn Sie folgende Funktionen benutzen:<\/p>\n<p>\u2022 Kontaktformular (zur Zeit deaktiviert)<\/p>\n<p>Wir versichern, dass diese Daten ausschlie\u00dflich dem Funktionieren, der statistischen Auswertung und der Verbesserung unseres Angebotes dienen. Laut geltenden Vorschriften werden diese Daten nur f\u00fcr die Zeit erhoben, wie Sie unseren Service nutzen. Die gesetzlich geltenden L\u00f6schvorschriften werden eingehalten.<\/p>\n<p><strong>3. Wie wir Daten erheben<\/strong><\/p>\n<p><strong>3.1. Log-Dateien<br \/>\n<\/strong>Eine Logdatei wird im Zuge eines automatischen Protokolls des verarbeitenden Computersystems erstellt. Das bedeutet, dass Informationen Ihres verwendeten Endger\u00e4tes als Logfiles auf einem Server festgehalten werden.<\/p>\n<p>Auch wir f\u00fchren eine Log-Dateienanalyse durch. Wir als Seitenprovider\/ Unser Seitenprovider protokolliert dabei:<\/p>\n<p>\u2022 Zugriff auf die Seite: Datum, Uhrzeit, H\u00e4ufigkeit<br \/>\n\u2022 Wie Sie auf die Seite gelangt sind (vorherige Seite, Hyperlink etc.)<br \/>\n\u2022 Menge der gesendeten Daten<br \/>\n\u2022 Welchen Browser und welche Version desselben Sie verwenden<br \/>\n\u2022 Ihre IP-Adresse<\/p>\n<p>Auch hier dienen die erhobenen Daten lediglich der Verbesserung unseres Angebotes. Wir d\u00fcrfen \/ Der Betreiber darf Server-Logfiles nur dann l\u00e4nger speichern, herausgeben oder nachtr\u00e4glich auf diese zugreifen, wenn dies im rechtlichen Rahmen gestattet ist (z.B. bei Verdacht auf rechtswidrige Aktivit\u00e4ten).<\/p>\n<p><strong>3.2. Cookies<\/strong><br \/>\nDiese Webseite verwendet Cookies. Dies sind kleine Textdateien, welche in Ihrem Browserverlauf platziert werden und durch welche bei Ihrem n\u00e4chsten Besuch bereits get\u00e4tigte Einstellungen und andere \u00c4nderungen, welche Sie vorgenommen haben, rekonstruiert werden. Durch Cookies k\u00f6nnen wir unseren Dienst personalisieren und benutzerfreundlicher gestalten.<br \/>\nSie haben die M\u00f6glichkeit, das Setzen von Cookies zu blockieren und bereits gesetzte Cookies zu l\u00f6schen. In solch einem Fall m\u00fcssen wir Sie darauf hinweisen, dass bestimmte Features auf der Seite nicht mehr oder nur noch eingeschr\u00e4nkt funktionieren.<\/p>\n<p><strong>4. Datenweitergabe an Dritte<br \/>\n<\/strong>Grunds\u00e4tzlich werden Ihre Daten von uns nicht an Dritte vermittelt. Au\u00dferdem stellen wir durch entsprechende Ma\u00dfnahmen und regelm\u00e4\u00dfige Kontrollen sicher, dass die von uns erhobenen Daten nicht durch Dritte von au\u00dfen eingesehen oder abgegriffen werden k\u00f6nnen.<\/p>\n<p><strong>5. Ihre Rechte<br \/>\n<\/strong>Selbstverst\u00e4ndlich haben Sie in Bezug auf die Erhebung Ihrer Daten Rechte. Laut geltendem Gesetz sind wir dazu verpflichtet, Sie \u00fcber dieselben aufzukl\u00e4ren. Die Inanspruchnahme und Durchf\u00fchrung dieser Rechte ist f\u00fcr Sie kostenlos.<br \/>\nWiderrufsrecht<\/p>\n<p>Sie haben das Recht, Ihre Einwilligung bzgl. der Erhebung von Daten jederzeit zu widerrufen. Dieses Recht gilt mit Wirkung f\u00fcr die Zukunft; die bis zur Rechtkraft des Widerrufs erhobenen Daten bleiben hiervon unber\u00fchrt.<br \/>\nSenden Sie uns bitte eine Email und Tragen Sie im Betreff \u201eWiderruf\u201c ein, wenn Sie von Ihrem Widerrufsrecht Gebrauch machen m\u00f6chten.<\/p>\n<p><strong>Recht auf Daten\u00fcbertragbarkeit<\/strong><br \/>\nSie haben das Recht, eine \u00dcbertragung Ihrer Daten von uns auf eine andere Stelle zu beantragen.<\/p>\n<p><strong>Recht auf Berechtigung, L\u00f6schung oder Sperrung<\/strong><br \/>\nSie haben das Recht, Ihre Daten berichtigen, l\u00f6schen oder sperren zu lassen. Letzteres kommt zur Anwendung, wenn die gesetzliche Lage eine L\u00f6schung nicht zul\u00e4sst.<\/p>\n<p><strong>Beschwerderecht<\/strong><br \/>\nSie haben das Recht, sich bei einer Aufsichtsbeh\u00f6rde bzw. einer zust\u00e4ndigen Stelle zu beschweren, insofern Sie einen Grund zur Beanstandung haben sollten. F\u00fcr die Inanspruchnahme dieses Rechts und der zwei vorher genannten wenden Sie sich bitte an die am Ende dieser Datenschutzerkl\u00e4rung aufgef\u00fchrten Kontaktpersonen.<\/p>\n<p><strong>6. Verantwortlich f\u00fcr die Datenerhebung<br \/>\n<\/strong>F\u00fcr Fragen, Auskunftsersuche, Antr\u00e4ge, Beschwerden oder Kritik hinsichtlich unseres Datenschutzes k\u00f6nnen Sie sich an folgende Stelle wenden:<\/p>\n<p><strong>Herr Jens Pacht<\/strong><br \/>\n<strong>Hildesheimer Str. 314<\/strong><br \/>\n<strong>30880 Laatzen<\/strong><\/p>\n<p><strong>7. \u00c4nderung der Datenschutzerkl\u00e4rung<br \/>\n<\/strong>Wir als Verantwortliche behalten es uns vor, die Datenschutzerkl\u00e4rung jederzeit im Hinblick auf geltende Datenschutzvorschriften zu ver\u00e4ndern. Derzeitiger Stand ist Mai 2018.<\/p>\n<\/div>\n<\/article>\n<\/section>\n<\/div>\n<\/div>\n<\/div>\n","protected":false},"excerpt":{"rendered":"<p>1. Zu dieser Datenschutzerkl\u00e4rung Der Schutz Ihrer Privatsph\u00e4re ist uns ein wichtiges Anliegen. Deshalb m\u00f6chten wir Sie eindringlich bitten, die nachfolgende Zusammenfassung \u00fcber die Funktionsweise unserer Webseite www.pacht-elektroanlagen.de aufmerksam zu lesen. Die hier aufgef\u00fchrte Datenschutzerkl\u00e4rung entspricht den Richtlinien der DSGVO &hellip; <a href=\"https:\/\/pacht-elektroanlagen.de\/?page_id=99\">Weiterlesen <span class=\"meta-nav\">&rarr;<\/span><\/a><\/p>\n","protected":false},"author":1,"featured_media":0,"parent":0,"menu_order":6,"comment_status":"closed","ping_status":"closed","template":"","meta":{"footnotes":""},"_links":{"self":[{"href":"https:\/\/pacht-elektroanlagen.de\/index.php?rest_route=\/wp\/v2\/pages\/99"}],"collection":[{"href":"https:\/\/pacht-elektroanlagen.de\/index.php?rest_route=\/wp\/v2\/pages"}],"about":[{"href":"https:\/\/pacht-elektroanlagen.de\/index.php?rest_route=\/wp\/v2\/types\/page"}],"author":[{"embeddable":true,"href":"https:\/\/pacht-elektroanlagen.de\/index.php?rest_route=\/wp\/v2\/users\/1"}],"replies":[{"embeddable":true,"href":"https:\/\/pacht-elektroanlagen.de\/index.php?rest_route=%2Fwp%2Fv2%2Fcomments&post=99"}],"version-history":[{"count":4,"href":"https:\/\/pacht-elektroanlagen.de\/index.php?rest_route=\/wp\/v2\/pages\/99\/revisions"}],"predecessor-version":[{"id":126,"href":"https:\/\/pacht-elektroanlagen.de\/index.php?rest_route=\/wp\/v2\/pages\/99\/revisions\/126"}],"wp:attachment":[{"href":"https:\/\/pacht-elektroanlagen.de\/index.php?rest_route=%2Fwp%2Fv2%2Fmedia&parent=99"}],"curies":[{"name":"wp","href":"https:\/\/api.w.org\/{rel}","templated":true}]}}